{"id":2905,"date":"2023-12-05T19:39:57","date_gmt":"2023-12-05T19:39:57","guid":{"rendered":"https:\/\/test.elmayorista.mx\/?product=tequila-don-ramon-plata-punta-diamante-750-ml"},"modified":"2023-12-06T18:07:11","modified_gmt":"2023-12-06T18:07:11","slug":"tequila-don-ramon-plata-punta-diamante-750-ml","status":"publish","type":"product","link":"https:\/\/test.elmayorista.mx\/?product=tequila-don-ramon-plata-punta-diamante-750-ml","title":{"rendered":"TEQUILA DON RAMON PLATA PUNTA DIAMANTE 750 ML"},"content":{"rendered":"<div><b>Agave<\/b>: 100% agave azul<\/div>\n<div><b>Destilaci\u00f3n<\/b>: doble destilaci\u00f3n en alambique de acero<\/div>\n<div><b>Color<\/b>: incoloro<\/div>\n<div><b>Aroma<\/b>: claro, floral, herbal y a agave crudo<\/div>\n<div><b>Notas<\/b>: florales, herbales y agave crudo 750ml \/ 35% alcohol<\/div>\n<p>El Tequila Don Ram\u00f3n Punta Diamante Plata es de doble destilaci\u00f3n, para alcanzar un sabor suave y n\u00edtido y un perfil puro. Elaborado con 100% agave azul de las tierras altas de Jalisco, M\u00e9xico, este licor transparente se puede describir como claro, fresco y floral. La cosecha selectiva de agave maduro y el paso adicional de triturar el agave antes de cocinarlo da como resultado un sabor herbal pronunciado. Al probarlo revela su toque dulce que evoluciona hacia una c\u00e1lida mineralidad.<\/p>\n","protected":false},"excerpt":{"rendered":"<p>Agave: 100% agave azul Destilaci\u00f3n: doble destilaci\u00f3n en alambique de acero Color: incoloro Aroma: claro, floral, herbal y a agave crudo Notas: florales, herbales y agave crudo 750ml \/ 35% alcohol El Tequila Don Ram\u00f3n Punta Diamante Plata es de doble destilaci\u00f3n, para alcanzar un sabor suave y n\u00edtido y un perfil puro. Elaborado con &hellip;<\/p>\n<p class=\"read-more\"> <a class=\"\" href=\"https:\/\/test.elmayorista.mx\/?product=tequila-don-ramon-plata-punta-diamante-750-ml\"> <span class=\"screen-reader-text\">TEQUILA DON RAMON PLATA PUNTA DIAMANTE 750 ML<\/span> Leer m\u00e1s &raquo;<\/a><\/p>\n","protected":false},"featured_media":3692,"comment_status":"open","ping_status":"closed","template":"","meta":{"_uag_custom_page_level_css":"","site-sidebar-layout":"default","site-content-layout":"","ast-site-content-layout":"default","site-content-style":"default","site-sidebar-style":"default","ast-global-header-display":"","ast-banner-title-visibility":"","ast-main-header-display":"","ast-hfb-above-header-display":"","ast-hfb-below-header-display":"","ast-hfb-mobile-header-display":"","site-post-title":"","ast-breadcrumbs-content":"","ast-featured-img":"","footer-sml-layout":"","theme-transparent-header-meta":"default","adv-header-id-meta":"","stick-header-meta":"","header-above-stick-meta":"","header-main-stick-meta":"","header-below-stick-meta":"","astra-migrate-meta-layouts":"set","ast-page-background-enabled":"default","ast-page-background-meta":{"desktop":{"background-color":"","background-image":"","background-repeat":"repeat","background-position":"center center","background-size":"auto","background-attachment":"scroll","background-type":"","background-media":"","overlay-type":"","overlay-color":"","overlay-gradient":""},"tablet":{"background-color":"","background-image":"","background-repeat":"repeat","background-position":"center center","background-size":"auto","background-attachment":"scroll","background-type":"","background-media":"","overlay-type":"","overlay-color":"","overlay-gradient":""},"mobile":{"background-color":"","background-image":"","background-repeat":"repeat","background-position":"center center","background-size":"auto","background-attachment":"scroll","background-type":"","background-media":"","overlay-type":"","overlay-color":"","overlay-gradient":""}},"ast-content-background-meta":{"desktop":{"background-color":"var(--ast-global-color-5)","background-image":"","background-repeat":"repeat","background-position":"center center","background-size":"auto","background-attachment":"scroll","background-type":"","background-media":"","overlay-type":"","overlay-color":"","overlay-gradient":""},"tablet":{"background-color":"var(--ast-global-color-5)","background-image":"","background-repeat":"repeat","background-position":"center center","background-size":"auto","background-attachment":"scroll","background-type":"","background-media":"","overlay-type":"","overlay-color":"","overlay-gradient":""},"mobile":{"background-color":"var(--ast-global-color-5)","background-image":"","background-repeat":"repeat","background-position":"center center","background-size":"auto","background-attachment":"scroll","background-type":"","background-media":"","overlay-type":"","overlay-color":"","overlay-gradient":""}}},"product_cat":[22,23],"product_tag":[],"class_list":{"0":"post-2905","1":"product","2":"type-product","3":"status-publish","4":"has-post-thumbnail","6":"product_cat-tequila","7":"product_cat-tequila-blanco","8":"desktop-align-left","9":"tablet-align-left","10":"mobile-align-left","12":"first","13":"instock","14":"shipping-taxable","15":"purchasable","16":"product-type-simple"},"uagb_featured_image_src":{"full":["https:\/\/test.elmayorista.mx\/wp-content\/uploads\/2023\/12\/TEDRPPD5.png",600,600,false],"thumbnail":["https:\/\/test.elmayorista.mx\/wp-content\/uploads\/2023\/12\/TEDRPPD5-150x150.png",150,150,true],"medium":["https:\/\/test.elmayorista.mx\/wp-content\/uploads\/2023\/12\/TEDRPPD5-300x300.png",300,300,true],"medium_large":["https:\/\/test.elmayorista.mx\/wp-content\/uploads\/2023\/12\/TEDRPPD5.png",600,600,false],"large":["https:\/\/test.elmayorista.mx\/wp-content\/uploads\/2023\/12\/TEDRPPD5.png",600,600,false],"1536x1536":["https:\/\/test.elmayorista.mx\/wp-content\/uploads\/2023\/12\/TEDRPPD5.png",600,600,false],"2048x2048":["https:\/\/test.elmayorista.mx\/wp-content\/uploads\/2023\/12\/TEDRPPD5.png",600,600,false],"woocommerce_thumbnail":["https:\/\/test.elmayorista.mx\/wp-content\/uploads\/2023\/12\/TEDRPPD5-300x300.png",300,300,true],"woocommerce_single":["https:\/\/test.elmayorista.mx\/wp-content\/uploads\/2023\/12\/TEDRPPD5.png",600,600,false],"woocommerce_gallery_thumbnail":["https:\/\/test.elmayorista.mx\/wp-content\/uploads\/2023\/12\/TEDRPPD5-100x100.png",100,100,true],"dgwt-wcas-product-suggestion":["https:\/\/test.elmayorista.mx\/wp-content\/uploads\/2023\/12\/TEDRPPD5-64x64.png",64,64,true]},"uagb_author_info":{"display_name":"GerenteVentasOnline","author_link":"https:\/\/test.elmayorista.mx\/?author=0"},"uagb_comment_info":0,"uagb_excerpt":"Agave: 100% agave azul Destilaci\u00f3n: doble destilaci\u00f3n en alambique de acero Color: incoloro Aroma: claro, floral, herbal y a agave crudo Notas: florales, herbales y agave crudo 750ml \/ 35% alcohol El Tequila Don Ram\u00f3n Punta Diamante Plata es de doble destilaci\u00f3n, para alcanzar un sabor suave y n\u00edtido y un perfil puro. Elaborado con&hellip;","_links":{"self":[{"href":"https:\/\/test.elmayorista.mx\/index.php?rest_route=\/wp\/v2\/product\/2905","targetHints":{"allow":["GET"]}}],"collection":[{"href":"https:\/\/test.elmayorista.mx\/index.php?rest_route=\/wp\/v2\/product"}],"about":[{"href":"https:\/\/test.elmayorista.mx\/index.php?rest_route=\/wp\/v2\/types\/product"}],"replies":[{"embeddable":true,"href":"https:\/\/test.elmayorista.mx\/index.php?rest_route=%2Fwp%2Fv2%2Fcomments&post=2905"}],"wp:featuredmedia":[{"embeddable":true,"href":"https:\/\/test.elmayorista.mx\/index.php?rest_route=\/wp\/v2\/media\/3692"}],"wp:attachment":[{"href":"https:\/\/test.elmayorista.mx\/index.php?rest_route=%2Fwp%2Fv2%2Fmedia&parent=2905"}],"wp:term":[{"taxonomy":"product_cat","embeddable":true,"href":"https:\/\/test.elmayorista.mx\/index.php?rest_route=%2Fwp%2Fv2%2Fproduct_cat&post=2905"},{"taxonomy":"product_tag","embeddable":true,"href":"https:\/\/test.elmayorista.mx\/index.php?rest_route=%2Fwp%2Fv2%2Fproduct_tag&post=2905"}],"curies":[{"name":"wp","href":"https:\/\/api.w.org\/{rel}","templated":true}]}}