{"id":2862,"date":"2023-12-05T19:39:34","date_gmt":"2023-12-05T19:39:34","guid":{"rendered":"https:\/\/test.elmayorista.mx\/?product=tequila-don-julio-70-aejo-cristalino-700-ml"},"modified":"2023-12-06T22:45:29","modified_gmt":"2023-12-06T22:45:29","slug":"tequila-don-julio-70-aejo-cristalino-700-ml","status":"publish","type":"product","link":"https:\/\/test.elmayorista.mx\/?product=tequila-don-julio-70-aejo-cristalino-700-ml","title":{"rendered":"TEQUILA DON JULIO 70 A\u00d1EJO CRISTALINO 700 ML"},"content":{"rendered":"<div><b>Tipo de bebida<\/b>: Tequila<\/div>\n<div><b>Etiqueta<\/b>: Don Julio 70<\/div>\n<div><b>Volumen de alcohol<\/b>: 38 %.<\/div>\n<div><b>Pa\u00eds de origen<\/b>: M\u00e9xico<\/div>\n<div><b>Regi\u00f3n o Subregi\u00f3n<\/b>: Jalisco<\/div>\n<div><b>Contenido<\/b>: 750 ml.<\/div>\n<div><b>Crianza<\/b>: 18 meses en barricas de roble<\/div>\n<div><b>Presentaci\u00f3n de venta:\u00a0<\/b>Botella.<\/div>\n<p><span style=\"font-family: Arial;\">Nos invade una sensaci\u00f3n c\u00edtrica y refrescante similar al tequila blanco donde adem\u00e1s apreciamos notas a vainilla, miel y roble caracter\u00edsticas de un tequila a\u00f1ejo. Si lo paladeamos nos encontramos con un sabor a fresa y mel\u00f3n que se torna confuso al apreciarse adem\u00e1s notas especiadas<\/span><\/p>\n","protected":false},"excerpt":{"rendered":"<p>Tipo de bebida: Tequila Etiqueta: Don Julio 70 Volumen de alcohol: 38 %. Pa\u00eds de origen: M\u00e9xico Regi\u00f3n o Subregi\u00f3n: Jalisco Contenido: 750 ml. Crianza: 18 meses en barricas de roble Presentaci\u00f3n de venta:\u00a0Botella. Nos invade una sensaci\u00f3n c\u00edtrica y refrescante similar al tequila blanco donde adem\u00e1s apreciamos notas a vainilla, miel y roble caracter\u00edsticas &hellip;<\/p>\n<p class=\"read-more\"> <a class=\"\" href=\"https:\/\/test.elmayorista.mx\/?product=tequila-don-julio-70-aejo-cristalino-700-ml\"> <span class=\"screen-reader-text\">TEQUILA DON JULIO 70 A\u00d1EJO CRISTALINO 700 ML<\/span> Leer m\u00e1s &raquo;<\/a><\/p>\n","protected":false},"featured_media":3826,"comment_status":"open","ping_status":"closed","template":"","meta":{"_uag_custom_page_level_css":"","site-sidebar-layout":"default","site-content-layout":"","ast-site-content-layout":"default","site-content-style":"default","site-sidebar-style":"default","ast-global-header-display":"","ast-banner-title-visibility":"","ast-main-header-display":"","ast-hfb-above-header-display":"","ast-hfb-below-header-display":"","ast-hfb-mobile-header-display":"","site-post-title":"","ast-breadcrumbs-content":"","ast-featured-img":"","footer-sml-layout":"","theme-transparent-header-meta":"default","adv-header-id-meta":"","stick-header-meta":"","header-above-stick-meta":"","header-main-stick-meta":"","header-below-stick-meta":"","astra-migrate-meta-layouts":"set","ast-page-background-enabled":"default","ast-page-background-meta":{"desktop":{"background-color":"","background-image":"","background-repeat":"repeat","background-position":"center center","background-size":"auto","background-attachment":"scroll","background-type":"","background-media":"","overlay-type":"","overlay-color":"","overlay-gradient":""},"tablet":{"background-color":"","background-image":"","background-repeat":"repeat","background-position":"center center","background-size":"auto","background-attachment":"scroll","background-type":"","background-media":"","overlay-type":"","overlay-color":"","overlay-gradient":""},"mobile":{"background-color":"","background-image":"","background-repeat":"repeat","background-position":"center center","background-size":"auto","background-attachment":"scroll","background-type":"","background-media":"","overlay-type":"","overlay-color":"","overlay-gradient":""}},"ast-content-background-meta":{"desktop":{"background-color":"var(--ast-global-color-5)","background-image":"","background-repeat":"repeat","background-position":"center center","background-size":"auto","background-attachment":"scroll","background-type":"","background-media":"","overlay-type":"","overlay-color":"","overlay-gradient":""},"tablet":{"background-color":"var(--ast-global-color-5)","background-image":"","background-repeat":"repeat","background-position":"center center","background-size":"auto","background-attachment":"scroll","background-type":"","background-media":"","overlay-type":"","overlay-color":"","overlay-gradient":""},"mobile":{"background-color":"var(--ast-global-color-5)","background-image":"","background-repeat":"repeat","background-position":"center center","background-size":"auto","background-attachment":"scroll","background-type":"","background-media":"","overlay-type":"","overlay-color":"","overlay-gradient":""}}},"product_cat":[22,25],"product_tag":[],"class_list":{"0":"post-2862","1":"product","2":"type-product","3":"status-publish","4":"has-post-thumbnail","6":"product_cat-tequila","7":"product_cat-tequila-cristalino","8":"desktop-align-left","9":"tablet-align-left","10":"mobile-align-left","12":"first","13":"instock","14":"shipping-taxable","15":"purchasable","16":"product-type-simple"},"uagb_featured_image_src":{"full":["https:\/\/test.elmayorista.mx\/wp-content\/uploads\/2023\/12\/TEDJ70A5.png",600,600,false],"thumbnail":["https:\/\/test.elmayorista.mx\/wp-content\/uploads\/2023\/12\/TEDJ70A5-150x150.png",150,150,true],"medium":["https:\/\/test.elmayorista.mx\/wp-content\/uploads\/2023\/12\/TEDJ70A5-300x300.png",300,300,true],"medium_large":["https:\/\/test.elmayorista.mx\/wp-content\/uploads\/2023\/12\/TEDJ70A5.png",600,600,false],"large":["https:\/\/test.elmayorista.mx\/wp-content\/uploads\/2023\/12\/TEDJ70A5.png",600,600,false],"1536x1536":["https:\/\/test.elmayorista.mx\/wp-content\/uploads\/2023\/12\/TEDJ70A5.png",600,600,false],"2048x2048":["https:\/\/test.elmayorista.mx\/wp-content\/uploads\/2023\/12\/TEDJ70A5.png",600,600,false],"woocommerce_thumbnail":["https:\/\/test.elmayorista.mx\/wp-content\/uploads\/2023\/12\/TEDJ70A5-300x300.png",300,300,true],"woocommerce_single":["https:\/\/test.elmayorista.mx\/wp-content\/uploads\/2023\/12\/TEDJ70A5.png",600,600,false],"woocommerce_gallery_thumbnail":["https:\/\/test.elmayorista.mx\/wp-content\/uploads\/2023\/12\/TEDJ70A5-100x100.png",100,100,true],"dgwt-wcas-product-suggestion":["https:\/\/test.elmayorista.mx\/wp-content\/uploads\/2023\/12\/TEDJ70A5-64x64.png",64,64,true]},"uagb_author_info":{"display_name":"GerenteVentasOnline","author_link":"https:\/\/test.elmayorista.mx\/?author=0"},"uagb_comment_info":0,"uagb_excerpt":"Tipo de bebida: Tequila Etiqueta: Don Julio 70 Volumen de alcohol: 38 %. Pa\u00eds de origen: M\u00e9xico Regi\u00f3n o Subregi\u00f3n: Jalisco Contenido: 750 ml. Crianza: 18 meses en barricas de roble Presentaci\u00f3n de venta:\u00a0Botella. Nos invade una sensaci\u00f3n c\u00edtrica y refrescante similar al tequila blanco donde adem\u00e1s apreciamos notas a vainilla, miel y roble caracter\u00edsticas&hellip;","_links":{"self":[{"href":"https:\/\/test.elmayorista.mx\/index.php?rest_route=\/wp\/v2\/product\/2862","targetHints":{"allow":["GET"]}}],"collection":[{"href":"https:\/\/test.elmayorista.mx\/index.php?rest_route=\/wp\/v2\/product"}],"about":[{"href":"https:\/\/test.elmayorista.mx\/index.php?rest_route=\/wp\/v2\/types\/product"}],"replies":[{"embeddable":true,"href":"https:\/\/test.elmayorista.mx\/index.php?rest_route=%2Fwp%2Fv2%2Fcomments&post=2862"}],"wp:featuredmedia":[{"embeddable":true,"href":"https:\/\/test.elmayorista.mx\/index.php?rest_route=\/wp\/v2\/media\/3826"}],"wp:attachment":[{"href":"https:\/\/test.elmayorista.mx\/index.php?rest_route=%2Fwp%2Fv2%2Fmedia&parent=2862"}],"wp:term":[{"taxonomy":"product_cat","embeddable":true,"href":"https:\/\/test.elmayorista.mx\/index.php?rest_route=%2Fwp%2Fv2%2Fproduct_cat&post=2862"},{"taxonomy":"product_tag","embeddable":true,"href":"https:\/\/test.elmayorista.mx\/index.php?rest_route=%2Fwp%2Fv2%2Fproduct_tag&post=2862"}],"curies":[{"name":"wp","href":"https:\/\/api.w.org\/{rel}","templated":true}]}}